 What is the units digit of m?
8
Suppose -4*v = -20, 4*v = 8*n - 3*n + 165. Let q = 48 + n. What is the tens digit of q?
1
Let t(i) = -i**2 + 10*i + 1. Let b be t(13). Let y = -25 - b. What is the tens digit of y?
1
Suppose -2*v - v = 0. Suppose -4*t + 263 - 59 = v. Suppose f + 2*f = -2*m + t, -3*m = -f - 60. What is the tens digit of m?
2
Suppose 2*s + 272 = 4*g - 232, -2*s = -3*g + 379. What is the units digit of g?
5
Suppose 0 = -4*r - 2*z + 496, -3*r - z = 2*z - 369. What is the hundreds digit of r?
1
Let u be 7/(-14) + (-9)/(-2). Let v be (-250)/(-4) + (-6)/u. Suppose -4*l - 4*p + 48 = 0, 2*l = -3*l - 4*p + v. What is the units digit of l?
3
Let n(l) = -l**3 + 17*l**2 + 20*l + 56. What is the units digit of n(18)?
2
Let h(u) = 18*u - 1. What is the units digit of h(3)?
3
Suppose -4 - 8 = -2*c. Suppose q = c + 7. What is the units digit of q?
3
Let s(d) = 3*d**2 + 2. What is the units digit of s(-2)?
4
Suppose 4*k = 3*b - 37 + 125, 4*k - 80 = 5*b. What is the units digit of k?
5
Let t be (2 + -2)*(-2)/8. Let x = -70 + 115. Suppose -j - 2*j + x = t. What is the units digit of j?
5
Let v = -5 - -2. Let c be (1 - -5)*(-13)/v. Suppose 0*o - c = -2*o. What is the tens digit of o?
1
Let u = 2 - -3. Suppose 5*f + 7*p - 25 = 2*p, p = -3*f + u. Suppose -2*d + f*d + 12 = 0. What is the units digit of d?
6
Suppose -3*r + 4*r + 8 = 0. Let i = r - -12. Let d = -2 + i. What is the units digit of d?
2
Let p be (-1)/(-1)*10/(-1). Let k be (-6)/p + 10/25. Suppose 10 - k = s. What is the units digit of s?
9
Let w be (9/2)/(9/(-12)). What is the units digit of (-50)/w - 4/(-6)?
9
Let t = -53 - -100. What is the tens digit of t?
4
Suppose 0 = 13*s - 8*s - 520. What is the hundreds digit of s?
1
Let o(d) = 5*d**2 - 6*d + 9. What is the tens digit of o(-5)?
6
Let g be (-4)/2*6/(-4). Suppose -2*y = -3*y + g. What is the units digit of ((-1)/y)/(1/(-3))?
1
Let w = 16 + 1. What is the units digit of w?
7
Let y be 9/6*(-8)/(-12). What is the tens digit of (-2 - (1 + -41))/y?
3
Suppose -3*u - 14 = -2*r, -5*u - 4*r - 8 = -2*u. Let g(f) = -3*f. What is the tens digit of g(u)?
1
Suppose 0 = -37*f + 41*f - 216. What is the units digit of f?
4
What is the tens digit of ((-152)/(-2) + 6)/((-2)/(-1))?
4
Let v be (-1 + 1 - 0) + -1. Let g(l) = l. Let f(u) = 9*u**3 - u**2 + 3*u - 1. Let p(m) = v*f(m) + 5*g(m). What is the units digit of p(-1)?
9
Let d = -1 + 26. What is the units digit of d?
5
Let q = 1165 - 796. What is the hundreds digit of q?
3
Suppose 4*v + 8*f = 3*f + 430, 3*v + 4*f - 323 = 0. What is the units digit of v?
5
Suppose -5*i + i = -3*k - 374, -4*k = -4*i + 372. What is the tens digit of i?
9
Suppose 3*d - 2*u = 39, 3*u + 29 + 24 = 4*d. Let h = 15 - d. Let l(b) = 2*b**2 - 3*b - 3. What is the units digit of l(h)?
7
Let h = -3 + 6. Suppose 4*p + 43 = -5*m + 160, 71 = h*m + 2*p. What is the tens digit of m?
2
Let y(n) = 73*n**2 - 4 + 3 - 57*n**2. What is the units digit of y(1)?
5
Let n be (-2)/(-7) + (-6)/21. Let f = n + 1. What is the units digit of f?
1
Let d(k) = 2*k**2 + 4*k - 4. What is the units digit of d(-4)?
2
Let m = -143 + 210. What is the units digit of m?
7
Let q(s) = -s**3 + 5*s**2 - s + 3. Let c be q(5). Let b = c + 20. What is the tens digit of b?
1
Let u(p) = 4 - 3*p**2 + 5*p**3 + 0*p**3 - 3*p**3 - p - p**3. What is the units digit of u(3)?
1
Let u(q) = q**3 - 2*q**2 - 6*q - 4. What is the tens digit of u(5)?
4
Let k be 2/((-10)/(-6) - 1). Suppose 21*c - 25*c = -4. Let m = k + c. What is the units digit of m?
4
Suppose 80 = 3*j + j. Let h = j + -12. What is the units digit of h?
8
Suppose 0 = -4*b - 12, 5*y - 276 + 69 = -b. What is the units digit of y?
2
Suppose -r - 5*v = 3 - 0, -2*v = 5*r - 8. Suppose -68 = -r*g + k, 2*k + 12 = -k. What is the tens digit of g?
3
Let k = -1 - -3. Let t(r) = 0*r - 1 + 3 + 3*r. What is the units digit of t(k)?
8
Suppose 0 = -i - 5*t - 13, -4*i - 3*t = -2*i + 12. Let v = 25 - i. What is the units digit of (16/v)/(2/7)?
2
Let w be 10/4 + 2/(-4). Let j(z) = z**3 + z**2 - 2*z + 2. Let i be j(w). What is the units digit of 7/2 - 5/i?
3
Let p be 4/6 + 56/(-21). What is the units digit of p*3*(-3)/6?
3
Let p(m) = 14*m**3 + m**2 - m + 1. Let u = 8 - 7. What is the tens digit of p(u)?
1
Let z(y) = 4*y**2 - 2*y - 3. Let q be z(4). Suppose 4*g - 11 - q = 0. What is the tens digit of g?
1
Let j = -76 - -110. What is the units digit of j?
4
Suppose 0 = 4*x - 5*c - 609, -5*x = -3*x - c - 303. What is the units digit of x?
1
Suppose -5*a + 3*g + 9 = -6, -3*g = -2*a + 6. What is the units digit of a?
3
Let y be (-1)/(-3 - 114/(-39)). Suppose y = 3*m - 17. What is the tens digit of m?
1
Let k be (2/5)/(1/115). Suppose 4*j - k = -3*y, -y + 2*j = y - 12. What is the units digit of y?
0
Let h be -9*((-16)/6 + -1). Suppose 0 = -j - 0*k + 3*k + 4, 0 = 3*j - 2*k - h. What is the units digit of j?
3
Let q = 0 - -23. Let b = q + -10. What is the tens digit of b?
1
Let q(o) = -o**2 - 6*o + 2. Let w be q(-6). Suppose z + z + 10 = 0, s = -w*z + 17. What is the tens digit of s?
2
Suppose -245 = -3*w + 5*f, -3*w + 0*f = 2*f - 217. What is the units digit of w?
5
What is the units digit of 1*(0/(-5) + 29)?
9
Let x be (32/5)/(2/10). Suppose 0 = -4*n + x. What is the units digit of n?
8
Let i = -101 - -157. What is the tens digit of i?
5
Suppose 3*x + 55 + 32 = 0. Let k = 40 + x. What is the units digit of k?
1
Suppose 3*b + 4*p = 196, 3*b = 5*p + 93 + 67. Suppose -5*o = -o - b. What is the tens digit of o?
1
Let s be (24/(-30))/((-2)/10). Suppose s*z + z - 120 = 0. What is the tens digit of z?
2
Let p(q) = q**3 - 4*q**2 + q. Let u be p(2). Let s = u + 14. Suppose -s = -5*t + 67. What is the units digit of t?
5
What is the units digit of (3 - 1) + (140 - -3)?
5
Let g = -8 + 20. What is the tens digit of g?
1
What is the tens digit of -50*(-1)/2*1?
2
What is the hundreds digit of 131 + 1 + (3 + 0)/(-3)?
1
Suppose 3*f - f + 16 = 0. Let u(p) = -p**3 - 7*p**2 + 6*p + 1. What is the tens digit of u(f)?
1
Let r = 8 + -6. Suppose 14 = -4*o + r*o. Let v = o + 14. What is the units digit of v?
7
Let t(r) be the first derivative of -1/2*r**2 + 1 + 4*r. What is the units digit of t(2)?
2
Let a be (-20)/2*24/(-30). Let g = a - -3. Let v = 27 - g. What is the units digit of v?
6
Suppose -4*y + 4*z = -368, 1 = -4*z + 5. What is the tens digit of y?
9
Let o(k) = k**3 - 4*k**2 - 3*k - 2. What is the tens digit of o(6)?
5
Let p be (-7484)/(-22) - (-4)/(-22). Suppose -3*g = -3*s - 177, -5*g + 3*s = 53 - p. What is the units digit of g?
5
Let d(y) = -2*y + 5. Let x be d(-7). Suppose x = 5*t - 26. What is the units digit of t?
9
Suppose -2*p = 3*p. Suppose -4*q - 4 = -p*q. What is the units digit of 1/(0/(-1) - q)?
1
Suppose -4*m - 18 = -3*m - 2*u, 0 = m + u + 3. Let i be 30/8 + (-2)/m. Suppose -i*n = 2*a - 2, 0 = 5*a - 5*n + 3*n - 29. What is the units digit of a?
5
Let z = -24 + 47. Suppose -5*x + 4*u = 1, -2*x + x = 5*u - z. Suppose x*d = -0*d + 3. What is the units digit of d?
1
Let o(c) = c**3 + 4*c**2 - 4*c - 1. Let k be ((-2)/4)/(2/12). What is the tens digit of o(k)?
2
Suppose -6*y - 171 = -3*y. What is the tens digit of ((-6)/18)/(1/y)?
1
Let n(y) = -y**2 - 8*y. Let w be n(-7). Let j = w - 5. Suppose -20 = -2*v + j*m, -1 = 5*v - 2*m - 60. What is the tens digit of v?
1
Let l(g) = -g**2 - g + 2*g - 2 + 5*g. Let o be 9/2 - (-1)/(-2). What is the units digit of l(o)?
6
Let m(d) = 138*d**2 + 2*d. What is the tens digit of m(1)?
4
Let a = -9 + 9. Suppose -20 = 4*o, -5*w - 2*o + a*o + 75 = 0. What is the tens digit of w?
1
Let b = -30 - -150. What is the hundreds digit of b?
1
Let a be 3*(-1 - 10/(-6)). Suppose 0 = -0*c - c + 14. Suppose -s = -q - 2 + 7, -a*s + c = 4*q. What is the units digit of q?
4
Let o = -22 + -78. What is the tens digit of 21/14*o/(-3)?
5
Let q(i) = -i + 5. Let l be q(0). Suppose 11 = 2*v + l*m, 0*m = -5*v - m + 16. Suppose -3*c + v = -3. What is the units digit of c?
2
Let i(q) = 40*q - 67. What is the tens digit of i(10)?
3
Suppose -12 = -4*g - 5*s, -2*g + 5*s + 7 = 1. Suppose -4*b = 5*v - 133, g*b - 14 = -v - 2*b. What is the tens digit of v?
2
Suppose 4*k = 5*l - k + 55, -l + 3*k - 19 = 0. Let m = l + 12. Suppose 0 = 5*i + c - 12 - 57, -4*i = m*c - 51. What is the units digit of i?
4
What is the units digit of (1*(-2 - -3))/(3/